q**2 + 2*q - 4. Let o(b) = 2*b - 1. Let k be o(4). Suppose w - 16*n - 1 = -19*n, 0 = w + 5*n - 1. Let u be ((-35)/k)/(-5)*(-3)/w. Calculate r(u).
-1
Let g(m) = -3*m**2. Let s(z) = -12*z**2 - 13*z - 3. Let t(h) = -8*h**2 - 9*h - 2. Let p(l) = 5*s(l) - 7*t(l). Let q(r) = g(r) - p(r). Give q(-2).
1
Let q(a) = a - 21. Let x = 9641 + -9638. Give q(x).
-18
Let z(l) = -9 + 7*l + 5*l**2 - 10*l - l**3 + 4*l + 2*l**3. Let j be z(-4). Let q(y) = -y**3 + 2*y**2 + y + 3. Determine q(j).
-3
Let w(a) = a**3 + 6*a**2 + a + 8. Let z be w(-6). Let c(m) = -6*m**z - 12 + 7*m + 17 + 5*m**2. What is c(5)?
15
Let b be 367/2936 + 25*(-1)/8. Let i(x) be the first derivative of -3*x**2/2 + 3*x - 4. Determine i(b).
12
Let r(v) be the second derivative of 1/3*v**3 + 22*v - 1/2*v**4 + v**2 + 0. Determine r(-2).
-26
Let a(s) = 22*s + 1. Let z(p) = 157*p. Let d(l) = 21*a(l) - 3*z(l). Give d(11).
-78
Let p be 2/(-6) + (-26)/(-6). Let x(i) = -2*i**3 - 38*i**2 + 12*i + 4. Let t(h) = h**3 + 27*h**2 - 9*h - 3. Let l(o) = 3*t(o) + 2*x(o). Determine l(p).
3
Let n(f) = 2*f**3 + 2*f**2 - 2. Let q(d) = -5*d**3 - 10*d**2 + 16*d + 2. Let t(b) = -2*n(b) - q(b). Calculate t(-8).
2
Let b(r) = r**2 + 4*r + 5. Suppose -30 = 12*t - 6*t. Calculate b(t).
10
Let z(l) be the second derivative of -l**7/2520 - l**6/360 - l**5/20 + 13*l**4/3 + l**3/3 + 116*l. Let f(g) be the third derivative of z(g). What is f(-3)?
-9
Let t(r) = 26*r + 28*r**2 + 69 + 40*r**2 - 166*r**2 + 97*r**2. Give t(28).
13
Let o(z) = -3*z**2 + 29*z + 6. Let g(r) = 352*r - 2455. Let m be g(7). Determine o(m).
24
Let j be 154/1617 - 592/42. Let f(b) = 15 + 15*b - 12*b - b. What is f(j)?
-13
Suppose -3*f = 4*o + 166 - 69, -4*f - 21 = o. Let k(y) = -5*y - 86. Determine k(o).
39
Let p(i) = i**2 + 7*i - 23. Let j = -29102 + 29096. Calculate p(j).
-29
Let f(u) be the third derivative of -u**4/8 - 8*u**3 - 3039*u**2. What is f(-8)?
-24
Let g(q) be the third derivative of -q**6/360 - 11*q**5/120 + q**4/8 - q**3/6 + 8*q**2. Let a(r) be the first derivative of g(r). Give a(-9).
21
Let n(j) = j**2 + j - 1. Let t(a) = -2*a**2 - 2*a + 2. Let x(g) = 7*n(g) + 3*t(g). Suppose -1226 = -5*y - 1201. Give x(y).
29
Let f(l) be the first derivative of 13*l**4/2 + l**2/2 + l - 299. Let t = 6 + -7. Determine f(t).
-26
Let n(g) = 2*g - 8. Let w(f) = -21*f - 22. Let c be w(-5). Suppose 14*o - c = 43. Calculate n(o).
10
Let a(l) = l**2 - 3*l - 3. Suppose 4*p - 5*x + 10 = 5*p, -3*x - 7 = -2*p. Suppose -5*u - p*o = 5, -u + o - 1 - 10 = 0. Let s be -4*(u/27 + 35/(-45)). Give a(s).
1
Let p be 2*((2 - -2) + (-10)/(-4)). Suppose 4*x = -3*s - 7, 0*s - 3*s + x + p = 0. Let f(a) = a**2 - 5*a + 2. What is f(s)?
-4
Suppose 5*l - 26 = 4. Let n(j) = -3*j + 6*j**2 - 7 + j**2 - l*j**2. Let f(r) = 1844*r - 11058. Let w be f(6). Give n(w).
11
Suppose 0 = 30*m - 29*m - 4. Let k(q) = 7*q + 0*q + q**2 + 5*q - q - 14*q. Calculate k(m).
4
Let b(a) = 6 + 2*a**2 - 3*a**2 + 1775*a - 1779*a. Let p be (4/32*-6)/(1/8). Let d be b(p). Let o(l) = -l**2 - 8*l + 4. Determine o(d).
16
Let h(y) be the first derivative of y**5/60 - y**4/24 + y**3/3 + 1. Let l(c) be the third derivative of h(c). Let m be 850/1190 + (-1 - (-111)/21). Give l(m).
9
Let k(f) be the third derivative of f**6/120 + f**5/12 - f**4/8 - f**3/6 + f**2 + 1099*f + 4. Suppose 4*p = g + 13, 2*g + 4*p + 2 = -0*g. Calculate k(g).
14
Let r(x) be the second derivative of -x**5/20 - 5*x**4/6 - 2*x**3/3 + 3687*x. Determine r(-4).
-80
Let n(k) = 6*k + 35. Let x be -40*(-11)/88 + -11. What is n(x)?
-1
Let w be ((-84)/(-35))/((-3)/5 - -1). Let i(o) = -1 - o - 1 - w - 2. Suppose 2*n = -5*h - 32, 2*n + 2*n - 5*h + 4 = 0. Determine i(n).
-4
Let c = 60566 + -60566. Let o(d) be the third derivative of d**6/120 + d**5/60 - 23*d**3/3 + 2*d**2. Give o(c).
-46
Let i(j) = -2*j + j - 3*j + 3*j + 2*j - 36. Calculate i(-11).
-47
Let c be 21 + (-68)/(-102)*-39. Let u(q) be the second derivative of -q**5/20 - 5*q**4/12 - q**3/3 + q**2/2 - q. Determine u(c).
11
Suppose 5*x + 2 = 5*v - 13, 0 = 3*x - 2*v + 6. Let p(a) = a**3 + 3*a**2 - a - 3. Let b(u) = 5*u**3 + 17*u**2 - 6*u - 16. Let j(l) = -b(l) + 6*p(l). Give j(x).
-2
Suppose -3*z = 168*o - 166*o - 31, 0 = -z - 2*o + 13. Let l(u) = -u**3 + 10*u**2 - 12*u + 24. Determine l(z).
-3
Suppose 5*x = 2*s + 16, -5*s + 6*s - 22 = -5*x. Suppose -4*w - x*g - 42 = -22, 2*w + 5 = -g. Let a(o) = o + 7. What is a(w)?
7
Let r(j) = 2*j**2 + 3*j - 2. Let x be r(-3). Let b(q) = -6 - 4 - 3*q + 3*q + q + 3*q. Give b(x).
18
Suppose 33*g - 684 = -882. Let i(j) = -j - 1. Calculate i(g).
5
Let x be (9/(90/(-40)))/((-4)/2). Let n be (-1)/(15/(-10)) + x/6. Let m(i) = 23*i**3 - i**2 - i + 1. Determine m(n).
22
Let y(z) = 0*z - 6*z + 76 - 23 - 25 - 26. Let k be -1*3/(-4)*4. Suppose 4*f = -0*f - 2*b - 2, 5*f - k*b = 25. What is y(f)?
-10
Let i = 3 + 1. Suppose 3*o = -i*t + 2*t - 15, 0 = 4*o + 12. Let s(w) be the third derivative of w**4/8 - 2*w**3/3 - 22352*w**2. Calculate s(t).
-13
Let c(w) = -126 - 7*w + 138 + w - 10*w. Calculate c(-4).
76
Let b(i) = -8*i**3 + i. Let n(t) = t**3. Let j(v) = -b(v) + 3*n(v). Let o = 16649 + -16650. Calculate j(o).
-10
Let t(k) = -k**2 + 3*k + 7. Suppose -4*d = 5*l + 11 + 15, 5*d = -5*l - 30. Give t(l).
-3
Let l(h) = -1709*h + 856*h - 35 + 859*h. Give l(0).
-35
Let i(j) be the second derivative of -j**3 + 5*j**2/2 + 10*j - 5. What is i(-3)?
23
Let o(t) = -t**2 - 8*t + 5. Suppose 1238 = 12*z + 1358. What is o(z)?
-15
Let d(n) = -2*n**2 - 5*n + 6. Let w be 10/1 - (-6 + 4). Suppose -w*s = -13*s + 10. Suppose 0 = 14*x - 12*x + s. What is d(x)?
-19
Let b(n) = n**2 + 19*n + 7. Suppose 3*k + 4*g - 103 = -141, -54 = 4*k + 2*g. What is b(k)?
-63
Suppose -76*m + 24*m = -2944708. Let g(t) = -2*t + m - 56594 + 0*t. Give g(16).
3
Let l(r) = -r**2 - r + 4. Let m be (-112)/42 - 2/(-3). Let w be l(m). Let o(y) = -3 - 3*y + 3*y**2 + 0*y - 5*y**w + y. Determine o(-2).
-7
Suppose -9*g - 12 + 66 = 0. Let b(h) = 2 + 6*h - 4*h - g*h. What is b(3)?
-10
Let g(c) = c**3 + 19*c**2 + 62*c + 7. Suppose -15*y + b - 81 = -10*y, y = -4*b + 9. Calculate g(y).
-23
Let f(m) = -3*m + 70 - 49*m**3 - 71 + 8*m**2 + 46*m**3. Let q(v) = v**3 - 3*v**2 + v. Let a(j) = 4*f(j) + 11*q(j). Calculate a(0).
-4
Suppose 9714 = m + 11*m + 9762. Let o(h) be the second derivative of -h**3/6 - 11*h**2/2 - h. Calculate o(m).
-7
Let o(g) be the first derivative of g**2/2 - g - 8. Suppose p - 103 + 151 = 0. Let k = 53 + p. What is o(k)?
4
Let u(h) = 2*h + 19. Let y(m) = -m + 17. Let z be y(17). Let j(x) = 11*x - 9. Let s be j(z). Calculate u(s).
1
Let f(a) = -a**3 - 2*a**2 - 4*a - 3. Let m(x) = 15*x + 162. Let r(c) = -3*c**2 - 10*c - 19. Let d be r(-2). Let o be m(d). Determine f(o).
18
Let u(z) be the third derivative of -z**2 + 0*z**4 - 1/2*z**3 + 6 + 1/60*z**5 + 0*z. Calculate u(5).
22
Let h = 93 + -88. Suppose -5*a + h*f = -130, 8*a + 3*f = 3*a + 114. Suppose 2*j = 6*j - a. Let v(b) = -2*b + 6. Give v(j).
-6
Suppose -5*r = 19*r + 144. Let y be (35/21)/((-2)/r). Let w(z) = -z**2 + 3*z + 4. Give w(y).
-6
Let r(k) be the second derivative of -k**5/5 - k**4/6 + k**3/3 - k + 1. Calculate r(-2).
20
Let o(s) be the second derivative of s**5/20 + 3*s**4/4 + 11*s**2/2 + 2*s. Let d be -18*63/42 + 18. Give o(d).
11
Let o(a) be the first derivative of -8*a**2 + 78*a + 1369. Calculate o(4).
14
Suppose -14306*i + 14297*i = -18. Let l(p) = 5*p**3 + p - 2. Give l(i).
40
Suppose 2*i = -5*t - 0*t + 17, -3*i + 37 = -4*t. Let f(p) = -2*p**2 + 19*p + 28. Let n be f(i). Let k(v) = -v**3 - 5*v**2 + v + 7. Give k(n).
2
Let n(b) = b - 7. Let v(d) = 52*d + 102. Let h be v(3). Let t = h - 252. What is n(t)?
-1
Let c(i) = -i - 7. Suppose 4*m = -3*m - 266. Let p = m - -39. Let r(n) = -1. Let k(g) = p*c(g) - 3*r(g). Determine k(7).
-11
Let v(z) = -z**3 - 10*z**2 + 8*z - 20. Suppose 16*p - 5*r = -166, 5*r - 25 + 2 = 3*p. Calculate v(p).
13
Let i(q) = 18 - 5*q - q**2 - 2 + 2. Let u be i(-7). Suppose 4 = -4*v + u*f, v - 6 + 23 = -3*f. Let c(x) = -x**3 - 5*x**2 - 4*x - 7. Determine c(v).
13
Let y(j) = 5*j + 4. Suppose -5*s - 822 = -s - 2*h, h = -3. Let q = s - -210. What is y(q)?
19
Let n(g) = g**2 - 2*g - 4. Suppose 0 = -90*w + 88*w. Suppose w = 4*b + 16, 5*q - 7*b - 27 = -4*b. What is n(q)?
-1
Suppose -22*p = 13*p - 140. Let y(b) be the second derivative of b**5/20 - b*